
Let p be ((-1)/(-2))/((-7)/(-126)). Suppose 0 = p*s - 170 - 208. What is the tens digit of s?
4
Suppose v + 2*h - 17 = 0, 1 + 7 = 4*h. Let x = 13 + v. Suppose 2*u = 26 + x. What is the units digit of u?
6
Let t(y) = 2*y - 7. Let j be t(6). What is the tens digit of (-20)/(-50) - (-193)/j?
3
Let c = -9 - 63. Let f = c - -94. What is the tens digit of f?
2
Let g = 17 + -15. Suppose g*m - 7 = 1. Suppose -m*l + l = -78. What is the units digit of l?
6
Suppose 0 = -24*i + 15589 - 469. What is the tens digit of i?
3
Let y(w) = 2*w**2 + w + 2. Let i be y(4). Let j = 73 - i. What is the units digit of j?
5
Let x = 40 + -24. Suppose -4*y + x = 4*d, 5*d - 10 = 2*y + d. What is the tens digit of ((-49)/(-5))/(y/5)?
4
Let m = -694 + 725. What is the tens digit of m?
3
Let l(u) = u**3 + 6*u**2 + 3*u + 14. Let z be l(-6). Let b(p) = -33*p + 24. What is the hundreds digit of b(z)?
1
Suppose 3*g - 7*g = -20. Let s(k) be the first derivative of -k**3/3 + 5*k**2 - 12*k - 160. What is the units digit of s(g)?
3
Suppose -5*j - 5 = -6*j. Suppose 351 = 2*g + t, 363 = g + g + j*t. What is the units digit of g?
4
Let v be -8 + (8 - 2) + -4. Suppose 2*c = 3*m - 2*m - 9, 4*c + 3*m - 7 = 0. What is the units digit of (10 + v)*c/(-1)?
8
Let z(y) = -4*y**2 + 7*y - 30. Let b be z(13). What is the units digit of b/(-21) - (-10)/(-35)?
9
Let f(y) = -2*y**2 + 162*y - 290. What is the thousands digit of f(66)?
1
Suppose 3*g - 559 - 3059 = 0. What is the units digit of g?
6
Suppose -4*t - 16 = -4. Let w be 1/(4/(-168)) - t. Let x = w + 68. What is the units digit of x?
9
Let q = -29 - -53. Let z be (q/20)/((-6)/(-20)). Suppose -23 + 119 = z*l. What is the tens digit of l?
2
Suppose -3*a + 823 = -5*z, 0 = 4*z - z - 3. Suppose -12 = -3*d + a. What is the tens digit of d?
9
Suppose -10*r + 3 = 3. What is the units digit of -1*1 + (r/5 - -2)?
1
Let n be (-4 + 1)*2/(-3). Suppose -5*f + n = -28. Suppose f = s - 0. What is the units digit of s?
6
Suppose 5*s + 2*d - 109 = d, -5*s = -d - 111. What is the tens digit of (38/(-3))/(s/(-18) + 1)?
5
Let z(t) = 2*t**2 - 16 - 2*t**2 + 2*t**2 - 19*t + 23*t. What is the tens digit of z(-7)?
5
Let f be (-14)/(-91) - (-2)/(-13). Let b be (1 + -1)/(f - 1). Suppose b*r = -r + 22. What is the tens digit of r?
2
Suppose -194*t - 2052 = -212*t. What is the units digit of t?
4
Suppose 0 = 2*k + 344 + 52. Let r = k - -313. What is the hundreds digit of r?
1
Let o be -100 + 2 + (1 - 4). Let f = -60 - o. What is the units digit of f?
1
Suppose 0 = -9*a + 4*a + 20. Let t(f) = -f**3 + 4*f**2 - 3. Let x be t(a). What is the units digit of 21 + 8/(-12)*x?
3
Let q(r) = -r**2 - r + 5. Let f be q(-5). Let z = 9 + f. What is the tens digit of 12/(-8)*124/z?
3
Suppose 0 = 2*s + 2*w - 8712, 3*s - w - 4957 = 8107. What is the hundreds digit of s?
3
Let k(q) be the first derivative of 5*q**4/4 - q**3/6 + 3*q**2/2 + 9*q - 3. Let f(g) be the first derivative of k(g). What is the units digit of f(2)?
1
Suppose 2*c = 4*c + 18. Let l be (-4)/(-2) - c/(-9). Suppose 4 = 3*u + l. What is the units digit of u?
1
Let x(z) be the first derivative of z**5/20 - z**4/24 - z**3/2 + 5*z**2/2 + 2. Let s(g) be the second derivative of x(g). What is the tens digit of s(-2)?
1
What is the units digit of (-2 - 48/(-18)) + (-111)/(-9)?
3
Let p(k) = 2*k**2 - 6. Let x be p(3). What is the units digit of ((-126)/12)/((-2)/x)?
3
Let y = -26 + 20. Let x(o) = o**2 + 6*o - 5. Let t be x(y). What is the tens digit of (-5 - 0)/t + 15?
1
Suppose 2*j + 30 = 2*f, -4*f + j + 40 = 2*j. What is the tens digit of f/((-22)/(-120)) - -1?
6
Suppose -n + 4 = 2*v - 26, 0 = 5*n - 2*v - 90. Let g = n - 12. Suppose -i + g = -5*i, -5*d - 5*i + 55 = 0. What is the units digit of d?
3
Suppose 0 = c - 3*u - 5, -9 = 2*u - 5*u. Let f(y) = -5 + c - y + 0. What is the units digit of f(7)?
2
Suppose 12288 = -37*a + 189888. What is the thousands digit of a?
4
Let p(m) = -m**3 + 8*m**2 - 11*m + 20. Let i be p(5). Let c = 16 + i. What is the tens digit of c?
5
Suppose -3816 = -d + 33*k - 34*k, -d = -3*k - 3800. What is the hundreds digit of d?
8
Let o be -12*3/((-24)/244). What is the hundreds digit of o/2 + -1 + 2 + -5?
1
Let w(q) = -256*q - 25. What is the hundreds digit of w(-3)?
7
Suppose -12 = 5*o - 3*w, 3*w - 10 = -2*o + 2. Let h be 11*((-4)/(-2) - o). Let i = -1 + h. What is the tens digit of i?
2
Let z(r) = -r + 4. Let u be z(7). What is the units digit of (u/2)/(374/(-124) + 3)?
3
Let j(a) = 2*a**2 - 4*a - 1. Let d(z) = -3*z**3 + z**2 - z - 1. Let g be d(-1). Let x be j(g). What is the units digit of 6/x + (-163)/(-5)?
3
Let d(o) = 57*o - 42. What is the tens digit of d(6)?
0
Let k be 112/(4/2) + 20 + -18. Suppose 5*h - 3*i - 290 = 0, -9*i - k = -h - 4*i. What is the tens digit of h?
5
Let f be -6 - -4 - -2*23. Let o be (-48)/(-22) - 8/f. Suppose -2*d = -2*w + d + 4, o*d = -2*w + 24. What is the units digit of w?
8
Let b(s) = -s**2 - 9*s - 44. Let n be b(-9). Let h = -13 - n. What is the tens digit of h?
3
Let s(y) = -27*y - 8. Let i(v) = -730*v - 215. Let j(c) = -2*i(c) + 55*s(c). What is the units digit of j(-5)?
5
Suppose 0 = -2*n, 2*n - 12 = -3*v - n. Suppose o - v*o - r = -62, -81 = -4*o - 3*r. What is the tens digit of o?
2
Suppose 1820 = 2*a - 2*i, 4*a - 3*a - 894 = -3*i. What is the units digit of a?
6
Suppose 166*u - 164*u = 588. Suppose -u + 1102 = 4*o. What is the units digit of o?
2
Let l be (-147)/(-12) + (-15)/(-20). What is the tens digit of 522/l - 4/26?
4
Let v(l) = -l**3 + l**2 + l + 3. Let f be v(0). Suppose -2*j + 120 = f*u - 70, 2*j - 194 = -2*u. What is the tens digit of j?
0
Let l(c) = -26*c + 10. Suppose 5*y = -0 + 5, -j = 2*y + 2. What is the hundreds digit of l(j)?
1
Let d(k) = 53*k - 159. What is the hundreds digit of d(13)?
5
Let t = 2 + 1. Suppose -2*z - 10 = -3*k + 18, -2*z - 8 = -k. Suppose d + 4*a = k, -t*d + 5*a + 33 = -d. What is the units digit of d?
4
Let t be (-1)/3 - (-102)/9. Let a = 12 - t. Let j(b) = 36*b**3 - b**2 - 2*b + 2. What is the units digit of j(a)?
5
Let q = -897 - -2809. What is the hundreds digit of q?
9
Suppose 0*u - 4775 = -5*u. What is the units digit of u?
5
What is the hundreds digit of (25624/(-4))/(-2) + -6?
1
Let k = 495 - 135. What is the tens digit of k?
6
Suppose 95*h = 96*h - 610. What is the units digit of h?
0
What is the tens digit of ((-10)/40)/(((-5)/(-604))/(-5))?
5
Suppose -41*c = -16305 - 79061. What is the thousands digit of c?
2
Let j(v) = -3*v - 15. Let u(p) = 7*p + 8. Let l be u(-3). What is the tens digit of j(l)?
2
Let u(t) = -4*t + 10. Let j be u(-7). Suppose -k - 127 - j = -2*g, -4*k = 5*g - 419. What is the tens digit of g?
8
Let j be (-12)/(-54) - 25/(-9). Suppose -31 = -d + j. What is the units digit of d?
4
Suppose -u + 82 = 2*u - q, -u = -2*q - 29. Suppose 2*o = 3*o - u. Suppose -2*h = -5*h + o. What is the units digit of h?
9
Let j(x) = -x**2 + 31*x - 61. What is the tens digit of j(20)?
5
Suppose 3*y - 7 + 16 = 0. What is the units digit of 1/(-1) + 8 + y?
4
Suppose 0 = 5*t + 3*a - 4*a - 27, -a + 33 = 5*t. Suppose 0 = -4*x + t + 10. Suppose 181 = 5*d - x*v, v = -d + 7 + 22. What is the tens digit of d?
3
Let o = 62 + 209. What is the units digit of o?
1
Let l be (-2 + -4)*12/(-24). What is the tens digit of l*(-5)/30*-58?
2
Let m be (25/(-10))/((-1)/(-16)). Let q = m - -213. What is the tens digit of q?
7
Let c(s) = -s**3 - 2*s**2 - 7*s + 3. Let r be c(-4). Suppose -9 = -b + r. What is the tens digit of b?
7
Suppose -k = -5*a - 26, -3*k + 2*k - a = 4. Let b = 29 - k. Suppose c = -4*o + 91 - b, -c = 5*o - 68. What is the units digit of c?
3
Suppose -5*n - 41 = 3*l, 5*l - 15 = 4*n + 3. Let z = 11 + n. Suppose -3*m + v = -29, 2*m = -2*v + z*v + 26. What is the units digit of m?
8
Let o(v) = 360*v**2 - 9*v - 6. What is the units digit of o(2)?
6
Suppose -2*t - c = -767, 3*c + 112 + 651 = 2*t. What is the tens digit of t?
8
Suppose 3*s + v - 149 = 0, 0 = 2*v + 6 - 4. Suppose -48*t + s*t = 182. What is the units digit of t?
1
Suppose 5181 = 31*l - 17573. What is the hundreds digit of l?
7
Let g(d) = d**2 - 20*d - 58. Let k be g(24). Let y = -33 + 23. Let a = y + k. What is the tens digit of a?
2
Suppose 0 = -5*u + 4*u. Suppose 2*a - 4*a + 50 = u. What is the units digit of a?
5
Let i(p) = p**3 + 4*p**2 + 5*p + 6. Suppose b = -7 